{"id":4620,"date":"2019-08-28T09:48:06","date_gmt":"2019-08-28T16:48:06","guid":{"rendered":"https:\/\/www.cfmta.org\/en\/?post_type=portfolio&#038;p=4620"},"modified":"2024-03-17T11:02:40","modified_gmt":"2024-03-17T18:02:40","slug":"string-masterclass-with-bryan-cheng-part-2","status":"publish","type":"portfolio","link":"https:\/\/www.cfmta.org\/en\/portfolio\/string-masterclass-with-bryan-cheng-part-2\/","title":{"rendered":"String Masterclass with Bryan Cheng Part 2"},"content":{"rendered":"\n<h5 class=\"wp-block-heading\">2019 \u2013 August<\/h5>\n\n\n\n<h5 class=\"wp-block-heading\">Title \u2013 String Masterclass with cellist Bryan Cheng \u2013 Part 2<\/h5>\n\n\n\n<h5 class=\"wp-block-heading\">Presenter: Bryan Cheng<\/h5>\n\n\n\n<h5>Description: Outstanding Canadian cellist Bryan Cheng will work with five students from the Fraser Valley<br> \n(<em>two in part 1 and three in part 2<\/em>) in a master class presented by The Valley Concert Society.<\/h5>\n\n\n\n<ul class=\"wp-block-list\"><li><strong><em>Part 1<\/em><\/strong><\/li><li><em>Cello &#8211; Apr\u00e8s un R\u00eave &#8211;  Faur\u00e9 <\/em><\/li><li><em>Viola &#8211; Cello Suite No.1 &#8211;  Bach <\/em><\/li><li><em><strong>Part 2<\/strong><\/em><\/li><li><em>Violin &#8211; Sonata No. 1 &#8211; Bach<\/em><\/li><li><em>Cello &#8211; Cello Concerto 1st mvt &#8211; Elgar<\/em><\/li><li><em>Cello &#8211; Cello Concerto 2nd mvt &#8211; Haydn<\/em><\/li><\/ul>\n\n\n\n<h5 class=\"wp-block-heading\">Source: BCRMTA &amp; Valley Concert Society<\/h5>\n\n\n\n<p>Bio: Already recognized as a rising star, Bryan enjoyed two major successes in 2018.<\/p>\n\n\n\n<p>In June, Bryan won second prize at the prestigious TONALI 2018 Cello Competition in Hamburg, Germany. At the same competition he was awarded two prizes that gave him performance dates with two prominent German ensembles.<\/p>\n\n\n\n<p>In September, Bryan won first prize in the Canada Council for the Arts Musical Instrument Bank Competition. The prize is the three-year loan of the ca. 1696 \u2018Bonjour\u2019 Stradivarius cello and the ca. 1830 \u2018Shaw\u2019 Adam bow.<\/p>\n","protected":false},"excerpt":{"rendered":"<p>2019 \u2013 August Title \u2013 String Masterclass with cellist Bryan Cheng \u2013 Part 2 Presenter: Bryan Cheng Description: Outstanding Canadian cellist Bryan Cheng will work with five students from the Fraser Valley (two in part 1 and three in part &hellip; <a class=\"kt-excerpt-readmore\" href=\"https:\/\/www.cfmta.org\/en\/portfolio\/string-masterclass-with-bryan-cheng-part-2\/\" aria-label=\"String Masterclass with Bryan Cheng Part 2\">Read More<\/a><\/p>\n","protected":false},"author":2,"featured_media":4621,"menu_order":0,"comment_status":"closed","ping_status":"closed","template":"","meta":{"kt_blocks_editor_width":""},"portfolio-type":[102,109,108],"portfolio-tag":[],"class_list":["post-4620","portfolio","type-portfolio","status-publish","has-post-thumbnail","hentry","portfolio-type-performance","portfolio-type-strings","portfolio-type-teaching-tips"],"_links":{"self":[{"href":"https:\/\/www.cfmta.org\/en\/wp-json\/wp\/v2\/portfolio\/4620","targetHints":{"allow":["GET"]}}],"collection":[{"href":"https:\/\/www.cfmta.org\/en\/wp-json\/wp\/v2\/portfolio"}],"about":[{"href":"https:\/\/www.cfmta.org\/en\/wp-json\/wp\/v2\/types\/portfolio"}],"author":[{"embeddable":true,"href":"https:\/\/www.cfmta.org\/en\/wp-json\/wp\/v2\/users\/2"}],"replies":[{"embeddable":true,"href":"https:\/\/www.cfmta.org\/en\/wp-json\/wp\/v2\/comments?post=4620"}],"wp:featuredmedia":[{"embeddable":true,"href":"https:\/\/www.cfmta.org\/en\/wp-json\/wp\/v2\/media\/4621"}],"wp:attachment":[{"href":"https:\/\/www.cfmta.org\/en\/wp-json\/wp\/v2\/media?parent=4620"}],"wp:term":[{"taxonomy":"portfolio-type","embeddable":true,"href":"https:\/\/www.cfmta.org\/en\/wp-json\/wp\/v2\/portfolio-type?post=4620"},{"taxonomy":"portfolio-tag","embeddable":true,"href":"https:\/\/www.cfmta.org\/en\/wp-json\/wp\/v2\/portfolio-tag?post=4620"}],"curies":[{"name":"wp","href":"https:\/\/api.w.org\/{rel}","templated":true}]}}

<h5 class="wp-block-heading">2019 – August</h5>



<h5 class="wp-block-heading">Title – String Masterclass with cellist Bryan Cheng – Part 2</h5>



<h5 class="wp-block-heading">Presenter: Bryan Cheng</h5>



<h5>Description: Outstanding Canadian cellist Bryan Cheng will work with five students from the Fraser Valley<br> 
(<em>two in part 1 and three in part 2</em>) in a master class presented by The Valley Concert Society.</h5>



<ul class="wp-block-list"><li><strong><em>Part 1</em></strong></li><li><em>Cello &#8211; Après un Rêve &#8211;  Fauré </em></li><li><em>Viola &#8211; Cello Suite No.1 &#8211;  Bach </em></li><li><em><strong>Part 2</strong></em></li><li><em>Violin &#8211; Sonata No. 1 &#8211; Bach</em></li><li><em>Cello &#8211; Cello Concerto 1st mvt &#8211; Elgar</em></li><li><em>Cello &#8211; Cello Concerto 2nd mvt &#8211; Haydn</em></li></ul>



<h5 class="wp-block-heading">Source: BCRMTA &amp; Valley Concert Society</h5>



<p>Bio: Already recognized as a rising star, Bryan enjoyed two major successes in 2018.</p>



<p>In June, Bryan won second prize at the prestigious TONALI 2018 Cello Competition in Hamburg, Germany. At the same competition he was awarded two prizes that gave him performance dates with two prominent German ensembles.</p>



<p>In September, Bryan won first prize in the Canada Council for the Arts Musical Instrument Bank Competition. The prize is the three-year loan of the ca. 1696 ‘Bonjour’ Stradivarius cello and the ca. 1830 ‘Shaw’ Adam bow.</p>
