{"id":39,"date":"2015-11-12T12:11:11","date_gmt":"2015-11-12T20:11:11","guid":{"rendered":"http:\/\/www.cfmta.org\/fr\/?page_id=39"},"modified":"2026-01-01T18:14:35","modified_gmt":"2026-01-02T02:14:35","slug":"semaine-de-la-musique-canadienne","status":"publish","type":"page","link":"https:\/\/www.cfmta.org\/fr\/semaine-de-la-musique-canadienne\/","title":{"rendered":"Semaine de la musique canadienne"},"content":{"rendered":"<div id=\"pl-39\"  class=\"panel-layout\" ><div id=\"pg-39-0\"  class=\"panel-grid panel-no-style\" ><div id=\"pgc-39-0-0\"  class=\"panel-grid-cell panel-grid-cell-empty\" ><\/div><div id=\"pgc-39-0-1\"  class=\"panel-grid-cell\" ><div id=\"panel-39-0-1-0\" class=\"so-panel widget widget_black-studio-tinymce widget_black_studio_tinymce panel-first-child panel-last-child\" data-index=\"0\" ><div class=\"textwidget\"><p><img loading=\"lazy\" decoding=\"async\" class=\"alignleft size-medium wp-image-3439\" src=\"https:\/\/www.cfmta.org\/fr\/wp-content\/uploads\/2025\/12\/CMW20262-232x300.jpg\" alt=\"\" width=\"232\" height=\"300\" srcset=\"https:\/\/www.cfmta.org\/fr\/wp-content\/uploads\/2025\/12\/CMW20262-232x300.jpg 232w, https:\/\/www.cfmta.org\/fr\/wp-content\/uploads\/2025\/12\/CMW20262-791x1024.jpg 791w, https:\/\/www.cfmta.org\/fr\/wp-content\/uploads\/2025\/12\/CMW20262-768x994.jpg 768w, https:\/\/www.cfmta.org\/fr\/wp-content\/uploads\/2025\/12\/CMW20262-1187x1536.jpg 1187w, https:\/\/www.cfmta.org\/fr\/wp-content\/uploads\/2025\/12\/CMW20262-1583x2048.jpg 1583w, https:\/\/www.cfmta.org\/fr\/wp-content\/uploads\/2025\/12\/CMW20262-520x672.jpg 520w, https:\/\/www.cfmta.org\/fr\/wp-content\/uploads\/2025\/12\/CMW20262-260x336.jpg 260w, https:\/\/www.cfmta.org\/fr\/wp-content\/uploads\/2025\/12\/CMW20262.jpg 1700w\" sizes=\"auto, (max-width: 232px) 100vw, 232px\" \/>La Semaine de la musique canadienne c\u00e9l\u00e8bre l'importance de la musique canadienne; soutient les compositeurs et interpr\u00e8tes canadiens; initie les jeunes Canadiens \u00e0 la musique contemporaine en favorisant l'appr\u00e9ciation et la compr\u00e9hension de la musique canadienne contemporaine; et encourage les \u00e9ducateurs en musique \u00e0 \u00e9largir leurs connaissances des \u0153uvres canadiennes. Depuis 1960, des milliers de Canadiens participent chaque ann\u00e9e aux festivit\u00e9s de la Semaine de la musique canadienne dans leurs communaut\u00e9s.<\/p>\n<div>\n<p><span lang=\"FR-CA\">Les \u00e9tudiants des membres de la FCAPM sont invit\u00e9s \u00e0 participer aux nombreux concours associ\u00e9s \u00e0 cette v\u00e9ritable c\u00e9l\u00e9bration de la musique canadienne. Cette exp\u00e9rience annuelle, fond\u00e9e par Helen Dahlstrom, a lieu durant la troisi\u00e8me semaine de novembre. Consultez votre association provinciale de professeurs de musique certifi\u00e9s pour les c\u00e9l\u00e9brations locales. <\/span><\/p>\n<p><strong><span lang=\"FR-CA\">Semaine de la musique canadienne 2026 : du 22 a 28 novembre.<\/span><\/strong><\/div>\n<p>Pour plus d\u2019informations, utilisez la barre lat\u00e9rale Liens rapides.<\/p>\n<\/div><\/div><\/div><div id=\"pgc-39-0-2\"  class=\"panel-grid-cell\" ><div id=\"panel-39-0-2-0\" class=\"so-panel widget widget_black-studio-tinymce widget_black_studio_tinymce panel-first-child panel-last-child\" data-index=\"1\" ><div class=\"textwidget\"><h4>Lens rapides<\/h4>\n<ul>\n<li>Pour envoyer une \u0153uvre ou obtenir de plus amples informations : <a href=\"mailto:canadamusicweek@cfmta.org\"><strong>canadamusicweek@cfmta.org<\/strong><\/a><\/li>\n<li><strong>Affiche<\/strong>\n<ul>\n<li><a href=\"https:\/\/www.cfmta.org\/docs\/posters\/cmw\/2026\/CMW2026_04.pdf\" target=\"_blank\" rel=\"noopener\">8.5 x 11<\/a><\/li>\n<li><a href=\"https:\/\/www.cfmta.org\/docs\/posters\/cmw\/2026\/CMW2026_04.pdf\" target=\"_blank\" rel=\"noopener\">8.5 x 11<\/a> avec zone ouverte pour le texte<\/li>\n<li><a href=\"https:\/\/www.cfmta.org\/docs\/posters\/cmw\/2026\/CMW2026_04.pdf\" target=\"_blank\" rel=\"noopener\">8.5 x 11<\/a> avec texte modifiable<\/li>\n<\/ul>\n<\/li>\n<li>Fournitures de commande -\u00a0<a href=\"https:\/\/www.cfmta.org\/en\/canada-music-week-supplies\/\" target=\"_blank\" rel=\"noopener\">cliquez ici.<\/a><\/li>\n<li>Rapports sur la Semaine de la musique\n<ul>\n<li>Ces informations ne sont pas encore disponibles en fran\u00e7ais. Pour la version anglaise, <a href=\"https:\/\/www.cfmta.org\/en\/posters\/\" target=\"_blank\" rel=\"noopener\">cliquez ici.<\/a><\/li>\n<\/ul>\n<\/li>\n<li>Photo de presse\n<ul>\n<li><a href=\"http:\/\/www.cfmta.org\/fr\/wp-content\/uploads\/2015\/11\/Photo-Consent-Form_FR.pdf\" target=\"_blank\" rel=\"noopener\">photo formulaire de consentement<\/a><\/li>\n<li><a href=\"http:\/\/www.cfmta.org\/fr\/wp-content\/uploads\/2015\/11\/Photo-Consent-Form_adults_FR.pdf\" target=\"_blank\" rel=\"noopener\">photo formulaire de consentement<\/a> - adulte<\/li>\n<li><a href=\"https:\/\/www.cfmta.org\/fr\/wp-content\/uploads\/2019\/11\/Photo-Consent-Form-Group-french.pdf\" target=\"_blank\" rel=\"noopener\">photo formulaire de consentement<\/a> - groupe<\/li>\n<\/ul>\n<\/li>\n<\/ul>\n<p>&nbsp;<\/p>\n<p><strong>Concours d'affiches<\/strong><\/p>\n<ul>\n<li><a href=\"https:\/\/cfmta-fcapm.smugmug.com\/Events\/Canada-Music-Week\" target=\"_blank\" rel=\"noopener\">Gagnant<\/a><\/li>\n<\/ul>\n<\/div><\/div><\/div><\/div><\/div>","protected":false},"excerpt":{"rendered":"<p>La Semaine de la musique canadienne c\u00e9l\u00e8bre l&#8217;importance de la musique canadienne; soutient les compositeurs et interpr\u00e8tes canadiens; initie les jeunes Canadiens \u00e0 la musique contemporaine en favorisant l&#8217;appr\u00e9ciation et la compr\u00e9hension de la musique canadienne contemporaine; et encourage les &hellip; <a class=\"kt-excerpt-readmore\" href=\"https:\/\/www.cfmta.org\/fr\/semaine-de-la-musique-canadienne\/\" aria-label=\"Semaine de la musique canadienne\">Read More<\/a><\/p>\n","protected":false},"author":2,"featured_media":0,"parent":0,"menu_order":0,"comment_status":"closed","ping_status":"closed","template":"page-fullwidth.php","meta":{"kt_blocks_editor_width":"","footnotes":""},"class_list":["post-39","page","type-page","status-publish","hentry"],"_links":{"self":[{"href":"https:\/\/www.cfmta.org\/fr\/wp-json\/wp\/v2\/pages\/39","targetHints":{"allow":["GET"]}}],"collection":[{"href":"https:\/\/www.cfmta.org\/fr\/wp-json\/wp\/v2\/pages"}],"about":[{"href":"https:\/\/www.cfmta.org\/fr\/wp-json\/wp\/v2\/types\/page"}],"author":[{"embeddable":true,"href":"https:\/\/www.cfmta.org\/fr\/wp-json\/wp\/v2\/users\/2"}],"replies":[{"embeddable":true,"href":"https:\/\/www.cfmta.org\/fr\/wp-json\/wp\/v2\/comments?post=39"}],"version-history":[{"count":71,"href":"https:\/\/www.cfmta.org\/fr\/wp-json\/wp\/v2\/pages\/39\/revisions"}],"predecessor-version":[{"id":3459,"href":"https:\/\/www.cfmta.org\/fr\/wp-json\/wp\/v2\/pages\/39\/revisions\/3459"}],"wp:attachment":[{"href":"https:\/\/www.cfmta.org\/fr\/wp-json\/wp\/v2\/media?parent=39"}],"curies":[{"name":"wp","href":"https:\/\/api.w.org\/{rel}","templated":true}]}}

<div id="pl-39"  class="panel-layout" ><div id="pg-39-0"  class="panel-grid panel-no-style" ><div id="pgc-39-0-0"  class="panel-grid-cell panel-grid-cell-empty" ></div><div id="pgc-39-0-1"  class="panel-grid-cell" ><div id="panel-39-0-1-0" class="so-panel widget widget_black-studio-tinymce widget_black_studio_tinymce panel-first-child panel-last-child" data-index="0" ><div class="textwidget"><p><img loading="lazy" decoding="async" class="alignleft size-medium wp-image-3439" src="https://www.cfmta.org/fr/wp-content/uploads/2025/12/CMW20262-232x300.jpg" alt="" width="232" height="300" srcset="https://www.cfmta.org/fr/wp-content/uploads/2025/12/CMW20262-232x300.jpg 232w, https://www.cfmta.org/fr/wp-content/uploads/2025/12/CMW20262-791x1024.jpg 791w, https://www.cfmta.org/fr/wp-content/uploads/2025/12/CMW20262-768x994.jpg 768w, https://www.cfmta.org/fr/wp-content/uploads/2025/12/CMW20262-1187x1536.jpg 1187w, https://www.cfmta.org/fr/wp-content/uploads/2025/12/CMW20262-1583x2048.jpg 1583w, https://www.cfmta.org/fr/wp-content/uploads/2025/12/CMW20262-520x672.jpg 520w, https://www.cfmta.org/fr/wp-content/uploads/2025/12/CMW20262-260x336.jpg 260w, https://www.cfmta.org/fr/wp-content/uploads/2025/12/CMW20262.jpg 1700w" sizes="auto, (max-width: 232px) 100vw, 232px" />La Semaine de la musique canadienne célèbre l'importance de la musique canadienne; soutient les compositeurs et interprètes canadiens; initie les jeunes Canadiens à la musique contemporaine en favorisant l'appréciation et la compréhension de la musique canadienne contemporaine; et encourage les éducateurs en musique à élargir leurs connaissances des œuvres canadiennes. Depuis 1960, des milliers de Canadiens participent chaque année aux festivités de la Semaine de la musique canadienne dans leurs communautés.</p>
<div>
<p><span lang="FR-CA">Les étudiants des membres de la FCAPM sont invités à participer aux nombreux concours associés à cette véritable célébration de la musique canadienne. Cette expérience annuelle, fondée par Helen Dahlstrom, a lieu durant la troisième semaine de novembre. Consultez votre association provinciale de professeurs de musique certifiés pour les célébrations locales. </span></p>
<p><strong><span lang="FR-CA">Semaine de la musique canadienne 2026 : du 22 a 28 novembre.</span></strong></div>
<p>Pour plus d’informations, utilisez la barre latérale Liens rapides.</p>
</div></div></div><div id="pgc-39-0-2"  class="panel-grid-cell" ><div id="panel-39-0-2-0" class="so-panel widget widget_black-studio-tinymce widget_black_studio_tinymce panel-first-child panel-last-child" data-index="1" ><div class="textwidget"><h4>Lens rapides</h4>
<ul>
<li>Pour envoyer une œuvre ou obtenir de plus amples informations : <a href="mailto:canadamusicweek@cfmta.org"><strong>canadamusicweek@cfmta.org</strong></a></li>
<li><strong>Affiche</strong>
<ul>
<li><a href="https://www.cfmta.org/docs/posters/cmw/2026/CMW2026_04.pdf" target="_blank" rel="noopener">8.5 x 11</a></li>
<li><a href="https://www.cfmta.org/docs/posters/cmw/2026/CMW2026_04.pdf" target="_blank" rel="noopener">8.5 x 11</a> avec zone ouverte pour le texte</li>
<li><a href="https://www.cfmta.org/docs/posters/cmw/2026/CMW2026_04.pdf" target="_blank" rel="noopener">8.5 x 11</a> avec texte modifiable</li>
</ul>
</li>
<li>Fournitures de commande - <a href="https://www.cfmta.org/en/canada-music-week-supplies/" target="_blank" rel="noopener">cliquez ici.</a></li>
<li>Rapports sur la Semaine de la musique
<ul>
<li>Ces informations ne sont pas encore disponibles en français. Pour la version anglaise, <a href="https://www.cfmta.org/en/posters/" target="_blank" rel="noopener">cliquez ici.</a></li>
</ul>
</li>
<li>Photo de presse
<ul>
<li><a href="http://www.cfmta.org/fr/wp-content/uploads/2015/11/Photo-Consent-Form_FR.pdf" target="_blank" rel="noopener">photo formulaire de consentement</a></li>
<li><a href="http://www.cfmta.org/fr/wp-content/uploads/2015/11/Photo-Consent-Form_adults_FR.pdf" target="_blank" rel="noopener">photo formulaire de consentement</a> - adulte</li>
<li><a href="https://www.cfmta.org/fr/wp-content/uploads/2019/11/Photo-Consent-Form-Group-french.pdf" target="_blank" rel="noopener">photo formulaire de consentement</a> - groupe</li>
</ul>
</li>
</ul>
<p>&nbsp;</p>
<p><strong>Concours d'affiches</strong></p>
<ul>
<li><a href="https://cfmta-fcapm.smugmug.com/Events/Canada-Music-Week" target="_blank" rel="noopener">Gagnant</a></li>
</ul>
</div></div></div></div></div>

<p>La Semaine de la musique canadienne célèbre l&#8217;importance de la musique canadienne; soutient les compositeurs et interprètes canadiens; initie les jeunes Canadiens à la musique contemporaine en favorisant l&#8217;appréciation et la compréhension de la musique canadienne contemporaine; et encourage les &hellip; <a class="kt-excerpt-readmore" href="https://www.cfmta.org/fr/semaine-de-la-musique-canadienne/" aria-label="Semaine de la musique canadienne">Read More</a></p>
